8459 composite?
True
Is 1360739 a composite number?
True
Is 301027 a composite number?
False
Is 301465 prime?
False
Is 2281249 a prime number?
True
Is 1039 prime?
True
Is 305209 prime?
True
Is 751987 a composite number?
False
Is 1967 a prime number?
False
Is 571121 a composite number?
True
Is 11311 prime?
True
Is 32141 composite?
False
Is 63947 a composite number?
True
Is 361313 a prime number?
True
Is 35671 a prime number?
True
Is 9677 a composite number?
False
Is 18789 a prime number?
False
Is 9151 a composite number?
False
Is 424709 a composite number?
False
Is 21977 a composite number?
False
Is 731201 a composite number?
False
Is 49219 prime?
False
Is 68914 a prime number?
False
Is 4559 a composite number?
True
Is 114227 prime?
False
Is 203549 prime?
True
Is 50021 prime?
True
Is 1861 prime?
True
Is 6739 a composite number?
True
Is 6469 composite?
False
Is 48341 a prime number?
True
Is 12517 composite?
False
Is 47363 a composite number?
False
Is 3107791 a composite number?
True
Is 3749 prime?
False
Is 553 composite?
True
Is 1158509 prime?
False
Is 25 a composite number?
True
Is 1061807 a prime number?
True
Is 82591 a prime number?
True
Is 570719 a prime number?
True
Is 31285 prime?
False
Is 397 a composite number?
False
Is 14479 composite?
False
Is 31379 composite?
False
Is 477157 a composite number?
True
Is 535219 a prime number?
True
Is 29689 prime?
False
Is 21313 composite?
False
Is 588513 composite?
True
Is 54301 a composite number?
True
Is 5077 prime?
True
Is 72955 a composite number?
True
Is 230543 a composite number?
True
Is 3287 a prime number?
False
Is 66211 prime?
False
Is 2390899 a composite number?
True
Is 7207 a prime number?
True
Is 83051 prime?
False
Is 14797 a prime number?
True
Is 4663 a prime number?
True
Is 964621 composite?
True
Is 869657 a composite number?
False
Is 36383 a prime number?
True
Is 434111 prime?
True
Is 123749 prime?
False
Is 5371 a prime number?
False
Is 717917 a prime number?
True
Is 38953 a composite number?
False
Is 723233 composite?
True
Is 237263 a prime number?
False
Is 3649 prime?
False
Is 2621 composite?
False
Is 979919 a composite number?
False
Is 26627 a composite number?
False
Is 172495 prime?
False
Is 30111 a prime number?
False
Is 36251 composite?
False
Is 28327 a prime number?
False
Is 1607771 prime?
False
Is 36265 prime?
False
Is 24571 a prime number?
True
Is 71161 a prime number?
True
Is 74653 composite?
False
Is 636371 composite?
True
Is 84913 prime?
True
Is 58937 a composite number?
False
Is 7993 prime?
True
Is 3277 a prime number?
False
Is 231169 composite?
False
Is 16277 a prime number?
False
Is 73999 prime?
True
Is 562706 a composite number?
True
Is 24721 a prime number?
False
Is 3989 a composite number?
False
Is 27983 composite?
False
Is 454483 prime?
True
Is 3100499 prime?
False
Is 27011 a composite number?
False
Is 275143 composite?
True
Is 1197422 prime?
False
Is 52511 a composite number?
False
Is 34681 composite?
True
Is 14693 prime?
False
Is 1949 a composite number?
False
Is 93991 a prime number?
False
Is 12401 a prime number?
True
Is 36997 prime?
True
Is 24631 prime?
True
Is 49754 composite?
True
Is 2944763 composite?
False
Is 50459 prime?
True
Is 19733 a composite number?
True
Is 228649 a composite number?
True
Is 98317 a prime number?
True
Is 143093 prime?
True
Is 337 prime?
True
Is 147265 composite?
True
Is 53 prime?
True
Is 815 a composite number?
True
Is 5623 composite?
False
Is 193015 composite?
True
Is 8999 prime?
True
Is 61913 a prime number?
False
Is 4783 a prime number?
True
Is 5723 a composite number?
True
Is 141061 prime?
True
Is 15121 a prime number?
True
Is 6209 prime?
False
Is 22291 a prime number?
True
Is 176629 prime?
True
Is 14591 a composite number?
False
Is 563809 a composite number?
False
Is 260911 prime?
False
Is 88859 a prime number?
False
Is 800767 prime?
False
Is 735083 prime?
True
Is 52943 prime?
False
Is 12421 a prime number?
True
Is 78783 composite?
True
Is 3181 prime?
True
Is 13613 composite?
False
Is 443723 composite?
True
Is 174689 a prime number?
False
Is 469 prime?
False
Is 322669 composite?
False
Is 2086802 a prime number?
False
Is 12079 a prime number?
False
Is 28929 a prime number?
False
Is 1319 a prime number?
True
Is 62459 composite?
False
Is 30289 a prime number?
False
Is 9311 a prime number?
True
Is 637265 a prime number?
False
Is 131953 composite?
True
Is 117367 a composite number?
True
Is 34981 a prime number?
True
Is 181527 composite?
True
Is 6401 a composite number?
True
Is 85685 prime?
False
Is 83737 a prime number?
True
Is 801061 a composite number?
False
Is 5611493 a composite number?
False
Is 377147 composite?
False
Is 913526 prime?
False
Is 65393 composite?
False
Is 184181 a composite number?
False
Is 292459 a composite number?
False
Is 55271 a composite number?
True
Is 3847651 a composite number?
False
Is 14759 a composite number?
False
Is 43853 prime?
True
Is 10285849 a composite number?
True
Is 538031 a prime number?
False
Is 1414979 composite?
False
Is 789277 prime?
False
Is 42191 prime?
False
Is 10007 prime?
True
Is 7367 a composite number?
True
Is 10841 a composite number?
True
Is 2853905 a prime number?
False
Is 3611 prime?
False
Is 37277 a composite number?
False
Is 1997027 a composite number?
True
Is 702215 a composite number?
True
Is 310647 a composite number?
True
Is 104971 a composite number?
False
Is 653669 prime?
False
Is 93689 prime?
False
Is 262894 prime?
False
Is 16715 composite?
True
Is 129167 composite?
True
Is 11383 composite?
False
Is 7327 composite?
True
Is 683651 a prime number?
True
Is 84389 a prime number?
True
Is 4259 composite?
False
Is 1069 a prime number?
True
Is 96041 a prime number?
False
Is 4841 a composite number?
True
Is 1417 a composite number?
True
Is 8861 a prime number?
True
Is 16843 a composite number?
False
Is 270299 a composite number?
False
Is 469787 a prime number?
True
Is 12603 a composite number?
True
Is 177535 a prime number?
False
Is 4783 composite?
False
Is 218731 prime?
False
Is 23543 prime?
False
Is 6673 prime?
True
Is 4831 composite?
False
Is 4135 a prime number?
False
Is 19262 composite?
True
Is 13199 prime?
False
Is 120371 composite?
False
Is 108457 prime?
True
Is 104399 composite?
False
Is 1808207 prime?
True
Is 201881 a composite number?
False
Is 386489 prime?
True
Is 1785313 a prime number?
True
Is 86323 composite?
False
Is 318377 prime?
True
Is 175115 a prime number?
False
Is 16921 composite?
False
Is 10487 prime?
True
Is 549805 a composite number?
True
Is 102941 prime?
False
Is 10301 prime?
True
Is 52985 composite?
True
Is 3647 a prime number?
False
Is 7801 a prime number?
False
Is 5669 prime?
True
Is 163 a prime number?
True
Is 3337 a prime number?
False
Is 3465199 composite?
False
Is 13217 composite?
False
Is 842791 a composite number?
False
Is 1982 a composite number?
True
Is 84359 composite?
True
Is 2926255 a prime number?
False
Is 25787 a composite number?
True
Is 2569 composite?
True
Is 128099 a composite number?
False
Is 42305 prime?
False
Is 11113 a prime number?
True
Is 368363 composite?
False
Is 33833 a prime number?
False
Is 60311 composite?
True
Is 2833 composite?
False
Is 20617 a prime number?
False
Is 1147109 composite?
True
Is 423119 prime?
False
Is 7633 a prime number?
False
Is 3101 a composite number?
True
Is 22757 composite?
True
Is 2473 a prime number?
True
Is 80009 composite?
True
Is 97771 composite?
False
Is 8457 a prime number?
False
Is 7201 a prime number?
False
Is 553777 a composite number?
True
Is 20642 a composite number?
True
Is 22433 a prime number?
True
Is 14519 composite?
False
Is 104623 prime?
True
Is 953 composite?
False
Is 277469 composite?
True
Is 711329 a prime number?
True
Is 228221 a prime number?
False
Is 1121545 composite?
True
Is 440371 prime?
True
Is 159905 a composite number?
True
Is 61327 a composite number?
True
Is 12709 prime?
False
Is 5207 a prime number?
False
Is 24169 composite?
False
Is 366139 a prime number?
True
Is 31357 composite?
False
Is 603023 a composite number?
False
Is 10487 prime?
True
Is 44291 composite?
True
Is 6733 a prime number?
True
Is 31919 prime?
False
Is 5987 composite?
False
Is 330199 a composite number?
False
Is 23761 prime?
True
Is 751798 a composite number?
True
Is 7283 prime?
True
Is 3329 composi